w(b) = 13*b - 4. Calculate the remainder when w(4) is divided by y.
14
Let f = 121 + -79. Calculate the remainder when f is divided by 11.
9
Let j = -25 + 43. Let u = -316 + 321. Calculate the remainder when j is divided by u.
3
Let m = -67 - -127. Let u = -38 + 59. Calculate the remainder when m is divided by u.
18
Suppose 3*u - d - 41 = d, -4*u = 2*d - 36. What is the remainder when 21 is divided by u?
10
Suppose 3*z = 7*z - 16. Suppose -z*w = -2*s - 8, 26 + 3 = 4*s + w. What is the remainder when 23 is divided by s?
5
Let g be (186/(-7))/(3/(-21)). Let f(x) = x**2 - x + 2. Let j be f(2). Suppose j + g = 5*o. What is the remainder when o is divided by 13?
12
Let n(d) = -4*d**2 - 24*d - 4. What is the remainder when 108 is divided by n(-4)?
24
Let m(p) = -p**2 - 9*p - 7. What is the remainder when m(-3) is divided by 3?
2
Let t = -21 - -31. Let h(i) = i**3 + i**2 - 6*i + 11. Calculate the remainder when h(3) is divided by t.
9
Let b(q) = q**3 - 3*q**2 + 2*q. Let g be b(2). Suppose g = -5*w + 74 + 36. Suppose -w = -2*c + 10. Calculate the remainder when c is divided by 9.
7
Suppose 5*q - 156 = -4*h, -5*h - q = -256 + 61. Calculate the remainder when h is divided by 7.
4
Let b = 2 - -6. Let d = 13 + 17. What is the remainder when d is divided by b?
6
Let f = -75 + 116. Calculate the remainder when f is divided by 11.
8
Let b(n) = -2*n**2 - 8*n - 11. Let k be b(-6). Let r = k - -69. What is the remainder when r is divided by 18?
16
Let n be (-2)/(-8) - (-119)/(-28). Let s = n - -4. Suppose 3*v - 9 = s, -d - 2*d = -5*v + 3. What is the remainder when 6 is divided by d?
2
Let y = -2 + 4. Suppose -4*p = -6*p + y. What is the remainder when p is divided by 1?
0
Suppose 4*j = 10 + 30. Calculate the remainder when 2/(-3)*(-261)/6 is divided by j.
9
Let q = -16 + 22. Suppose m - q*m + 20 = 0. Calculate the remainder when 10 is divided by m.
2
Suppose -4*z - 3*m + 142 = 0, -175 = -9*z + 4*z - 5*m. Let n = -18 + z. Calculate the remainder when n is divided by 10.
9
Let y(j) = 7*j - 4. Let h(t) = 4*t - 1. Let z be h(1). Calculate the remainder when y(z) is divided by 9.
8
Suppose 8 = 5*v - 12. Suppose -2*d + 13 = -v*i + 237, 0 = i - d - 55. Calculate the remainder when i is divided by 15.
12
Let t = 9 + 5. Let d be 2 + -5 - -1 - -8. Let s = d + 21. What is the remainder when s is divided by t?
13
Let d(x) = 5*x**2 - 3*x**3 + 0*x**3 + 4*x + 2*x**3 + x**2 + 2. Calculate the remainder when d(6) is divided by 14.
12
Let r be 6/(-21) - (-60)/14. Suppose r*j + 2*l - 64 = 0, -3*l + 6 = j - 10. Calculate the remainder when j is divided by 6.
4
Suppose k + 0*k = 0. Suppose 6*r - r - 35 = k. Suppose -z + r = -4. Calculate the remainder when 32 is divided by z.
10
Let n = -38 + 48. What is the remainder when n is divided by 3?
1
Suppose -4*h = -54 - 82. What is the remainder when h is divided by 12?
10
Let u(k) = -3*k**2 - 3*k - 2. Let i(r) = r**2 - r + 1. Let h(w) = i(w) - u(w). What is the remainder when h(-4) is divided by (-100)/15*6/(-2)?
19
Suppose 70 = 5*r - 5*o, -2 = r - 2*o - 17. Let q = -16 - -67. Calculate the remainder when q is divided by r.
12
Let f = -31 - -78. Let x = 0 + 12. Calculate the remainder when f is divided by x.
11
Let o(d) = 3*d - 1. Let b be o(1). Suppose -24 - 14 = -b*n. What is the remainder when 55 is divided by n?
17
Suppose 0 = -d - 2*t + 5, -3*t = -2*d - 0*t + 3. Suppose 3*f + 57 = 5*j - f, -j = -5*f - d. Calculate the remainder when 50 is divided by j.
11
Let q(r) = -5*r**3 - 2*r**2 - r - 1. Let u(f) = -f**2 - 6*f + 2. What is the remainder when u(-5) is divided by q(-1)?
1
Let h = -73 - -89. What is the remainder when 47 is divided by h?
15
Let y(g) = 39*g**2 - 1. Let i be y(-1). Let l = i - -3. Calculate the remainder when l is divided by 11.
8
Suppose -19 = -2*t + 5. Suppose -x + 9 = 3*g, 0*g = 3*g + 2*x - t. Calculate the remainder when g is divided by 2.
0
Let h(o) = o**3 - o**2 - 4*o - 4. Let x be h(4). Let z = x - 2. Calculate the remainder when z is divided by 9.
8
Let y(x) = 7*x - 3. What is the remainder when 17 is divided by y(2)?
6
Suppose -186 = -2*n + n. Suppose -5*p + n = -t, 4*p - 185 + 29 = -t. Let f = 25 - 12. Calculate the remainder when p is divided by f.
12
Let n = 43 + -26. Calculate the remainder when n is divided by 5.
2
Suppose 2*s - 10 = 0, 5*s - 9 = -v + 10*s. Calculate the remainder when 100 is divided by v.
32
Suppose -4*v = v - 120. Calculate the remainder when v is divided by 9.
6
Let z(j) = 5*j + 3. Let f be z(-3). Let u be 90/f*4/(-6). Suppose 32 = 3*k + 2*w, 8 = u*w - 12. What is the remainder when 15 is divided by k?
7
Suppose 0 = 5*f - 8 - 2. Let y(g) = g**2 + 4*g - 2. Let s be y(-5). Suppose -f*i = s*i - 115. Calculate the remainder when i is divided by 13.
10
Let g(h) = -33*h + 53. Calculate the remainder when g(-5) is divided by 44.
42
Suppose 3*h = 26 + 22. Calculate the remainder when 30 is divided by h.
14
Let i be -1*(-1)/(-2)*-80. Suppose t + 3*t = i. What is the remainder when t is divided by 6?
4
Suppose -b = -4*n - 375, 355 = -4*n + 8*b - 3*b. Let g = 145 + n. What is the remainder when g is divided by -1*34*(-3)/6?
16
Let p(g) = g**3 + 6*g**2. Let x(c) be the second derivative of -c**4/12 - 4*c**3/3 + 3*c**2 - 3*c. Calculate the remainder when p(-5) is divided by x(-7).
12
Let x(s) be the second derivative of s**3/6 - s**2 - 3*s. Let b(d) = -d**3 - d**2 + 3*d. What is the remainder when b(-3) is divided by x(7)?
4
Let z be 5/1*8/(-10). Let t(b) = 6*b + 6. Let j(q) = q. Let p(v) = -j(v) - t(v). Calculate the remainder when p(z) is divided by 8.
6
Suppose -6*u + 4 + 2 = 0. Suppose w - 5*i + 2*i = -u, 4*i = 4*w - 12. What is the remainder when 18 is divided by w?
3
Suppose 0*x = -x - 2, u = x + 5. Suppose -2*j = -4*j + 16. Calculate the remainder when j is divided by 3/27*u*9.
2
Let a(t) = -t + 17. Let c be a(7). Let x = c + -6. Suppose -x*p + 175 = p. What is the remainder when p is divided by 12?
11
Let k(s) = 7*s - 14. What is the remainder when 23 is divided by k(5)?
2
Let p = -4 + 17. Suppose -6*y + y = -20. Calculate the remainder when p is divided by y.
1
Suppose -2*b = -5*b + 36. Calculate the remainder when 129 is divided by b.
9
Let s = -75 - -153. What is the remainder when (-75)/(-2)*(-2)/(-3) is divided by s/18*3/1?
12
Let f(v) = v + 7. Suppose -3*p = -9*p + 30. What is the remainder when f(5) is divided by p?
2
Suppose 0 = -s - o + 29, o = -s + 3*o + 32. Let z = s + -16. Calculate the remainder when 54 is divided by z.
12
Let i(q) = q**3 + 5*q**2 - 3*q + 3. Let h = -21 + -7. What is the remainder when i(-5) is divided by 1/(3 - (-80)/h)?
4
What is the remainder when 25 is divided by 8/44 - (-304)/22?
11
Let z(r) = 1 - r**2 + 13*r**2 - 8*r**2 + 15*r**2. Let l be z(-1). What is the remainder when 4 is divided by (-4)/(-10) + 32/l?
0
Suppose 3*n = 331 - 70. Calculate the remainder when n is divided by 23.
18
Let p(m) be the third derivative of m**4/6 - 2*m**3 - 10*m**2. What is the remainder when 39 is divided by p(5)?
7
Suppose -r + 29 = 4*d, 2*d = -d + 5*r + 39. What is the remainder when 53 is divided by d?
5
Let n(g) = -17*g. Let m be (2 - 4)*(-2)/(-4). Suppose 4*h + 8 - 44 = 0. What is the remainder when n(m) is divided by h?
8
Suppose 0 = -10*h + 450 + 400. Calculate the remainder when h is divided by 22.
19
Suppose -5*k - 10 = 0, y = -5*k + 8 - 0. Suppose 3*j + 72 = d, -5*d + 343 = -j + 3*j. Calculate the remainder when d is divided by y.
15
Suppose 0 = -57*m + 58*m - 15. What is the remainder when 26 is divided by m?
11
What is the remainder when -4 + (4 - -181 - -4) is divided by 47?
44
Let j be 60/(-8)*72/(-10). Suppose 3*v - j = 21. Calculate the remainder when v is divided by 13.
12
Suppose 3*q = v + 44, 2*q = -0*q - v + 26. Calculate the remainder when 26 is divided by q.
12
Let c(j) = -j**3 + j**2 - 4*j - 2. Let l be c(-4). Let f = l + -49. Calculate the remainder when f is divided by 12.
9
Suppose 5*b - 3*b = a - 37, 0 = -5*a + 3*b + 164. Calculate the remainder when a is divided by 16.
15
Suppose -o + 25 = f, 74 = 2*f + o + 29. What is the remainder when f is divided by 7?
6
Let m(q) = -q - 8. Let p(f) be the first derivative of -f**3/3 + 7*f**2/2 - 9*f - 4. Let t be p(7). Calculate the remainder when 2 is divided by m(t).
0
Suppose 0 = -2*v - k + 15, -2*